{"id":11167,"date":"2015-03-06T12:04:20","date_gmt":"2015-03-06T12:04:20","guid":{"rendered":"http:\/\/www.chateau-de-villesavin.fr\/?page_id=11167"},"modified":"2021-09-03T17:36:53","modified_gmt":"2021-09-03T17:36:53","slug":"location-de-lorangerie","status":"publish","type":"page","link":"https:\/\/www.chateau-de-villesavin.fr\/?page_id=11167","title":{"rendered":"Location de l&rsquo;orangerie"},"content":{"rendered":"<div class=\"fusion-fullwidth fullwidth-box fusion-builder-row-1 fusion-flex-container nonhundred-percent-fullwidth non-hundred-percent-height-scrolling\" style=\"--awb-background-position:left top;--awb-border-radius-top-left:0px;--awb-border-radius-top-right:0px;--awb-border-radius-bottom-right:0px;--awb-border-radius-bottom-left:0px;--awb-padding-top:20px;--awb-padding-right:0px;--awb-padding-bottom:20px;--awb-padding-left:0px;--awb-border-sizes-top:0px;--awb-border-sizes-bottom:0px;--awb-flex-wrap:wrap;\" ><div class=\"fusion-builder-row fusion-row fusion-flex-align-items-flex-start fusion-flex-content-wrap\" style=\"max-width:1144px;margin-left: calc(-4% \/ 2 );margin-right: calc(-4% \/ 2 );\"><div class=\"fusion-layout-column fusion_builder_column fusion-builder-column-0 fusion_builder_column_1_2 1_2 fusion-flex-column\" style=\"--awb-bg-size:cover;--awb-width-large:50%;--awb-margin-top-large:0px;--awb-spacing-right-large:3.84%;--awb-margin-bottom-large:20px;--awb-spacing-left-large:3.84%;--awb-width-medium:50%;--awb-spacing-right-medium:3.84%;--awb-spacing-left-medium:3.84%;--awb-width-small:100%;--awb-spacing-right-small:1.92%;--awb-spacing-left-small:1.92%;\"><div class=\"fusion-column-wrapper fusion-flex-justify-content-flex-start fusion-content-layout-column\"><div class=\"fusion-text fusion-text-1\"><h1 style=\"text-align: left; font-size: 30px !important;\">Location de l&rsquo;orangerie<\/h1>\n<p style=\"text-align: left; font-size: 30px !important;\">(de juin \u00e0 septembre)<\/p>\n<p><strong>UN LIEU UNIQUE POUR ORGANISER VOTRE EVENEMENT !<\/strong><\/p>\n<p><strong>L\u2019Orangerie du ch\u00e2teau<\/strong>, datant du<strong> 18\u00e8me si\u00e8cle<\/strong>, abritait les arbres exotiques : orangers, citronniers, bananiers, palmiers, etc. Durant l\u2019hiver, ces arbres \u00e9taient alors maintenus hors gel gr\u00e2ce \u00e0 l\u2019exposition sud sud-ouest de l\u2019Orangerie.<\/p>\n<p>Aujourd\u2019hui, l\u2019Orangerie est id\u00e9ale pour tous <strong>types de r\u00e9ceptions<\/strong> : banquets, noces, cocktails ou s\u00e9minaires, etc. Gr\u00e2ce \u00e0 sa superficie de<strong> 250 m\u00b2<\/strong>, elle peut accueillir de <strong>80 \u00e0 180 personnes.<\/strong> La salle est d\u00e9j\u00e0 <strong>\u00e9quip\u00e9e de tables rondes et de chaises<\/strong>, vous n\u2019aurez donc plus qu\u2019\u00e0 la d\u00e9corer pour votre mariage ! Une salle adjacente est aussi mise \u00e0 votre disposition pour votre <strong>traiteur <\/strong>(choix impos\u00e9 selon une liste). Cette salle, pleine de charme, est aussi \u00e9quip\u00e9e d\u2019une <strong>piste de danse<\/strong> pour le plaisir de tous.<\/p>\n<p>Le cadre prestigieux du ch\u00e2teau est id\u00e9al pour vos <strong>photos de mariage<\/strong>. A la nuit tomb\u00e9e, vous b\u00e9n\u00e9ficierez d\u2019un \u00e9clairage ext\u00e9rieur, cr\u00e9ant une <strong>ambiance romantique<\/strong> que vos invit\u00e9s ne seront pas pr\u00eat d\u2019oublier !<\/p>\n<\/div><\/div><\/div><div class=\"fusion-layout-column fusion_builder_column fusion-builder-column-1 fusion_builder_column_1_2 1_2 fusion-flex-column\" style=\"--awb-bg-size:cover;--awb-width-large:50%;--awb-margin-top-large:0px;--awb-spacing-right-large:3.84%;--awb-margin-bottom-large:20px;--awb-spacing-left-large:3.84%;--awb-width-medium:50%;--awb-spacing-right-medium:3.84%;--awb-spacing-left-medium:3.84%;--awb-width-small:100%;--awb-spacing-right-small:1.92%;--awb-spacing-left-small:1.92%;\"><div class=\"fusion-column-wrapper fusion-flex-justify-content-flex-start fusion-content-layout-column\"><div class=\"fusion-image-carousel fusion-image-carousel-auto fusion-image-carousel-1\"><div class=\"awb-carousel awb-swiper awb-swiper-carousel awb-carousel--carousel awb-swiper-dots-position-bottom\" data-layout=\"carousel\" data-autoplay=\"yes\" data-autoplayspeed=\"2500\" data-autoplaypause=\"no\" data-columns=\"1\" data-columnsmedium=\"1\" data-columnssmall=\"1\" data-itemmargin=\"0\" data-itemwidth=\"180\" data-touchscroll=\"no\" data-freemode=\"no\" data-imagesize=\"auto\" data-scrollitems=\"0\" data-centeredslides=\"no\" data-rotationangle=\"50\" data-depth=\"100\" data-speed=\"500\" data-shadow=\"no\" data-pagination=\"bullets\" style=\"--awb-columns:1;--awb-column-spacing:0px;\"><div class=\"swiper-wrapper awb-image-carousel-wrapper fusion-flex-align-items-center\"><div class=\"swiper-slide\"><div class=\"fusion-carousel-item-wrapper\"><div class=\"fusion-image-wrapper hover-type-none\"><img decoding=\"async\" width=\"1100\" height=\"1100\" src=\"https:\/\/www.chateau-de-villesavin.fr\/wp-content\/uploads\/2015\/03\/SliderOrangerie1.jpg\" class=\"attachment-full size-full\" alt=\"\" srcset=\"https:\/\/www.chateau-de-villesavin.fr\/wp-content\/uploads\/2015\/03\/SliderOrangerie1-66x66.jpg 66w, https:\/\/www.chateau-de-villesavin.fr\/wp-content\/uploads\/2015\/03\/SliderOrangerie1-150x150.jpg 150w, https:\/\/www.chateau-de-villesavin.fr\/wp-content\/uploads\/2015\/03\/SliderOrangerie1-300x300.jpg 300w, https:\/\/www.chateau-de-villesavin.fr\/wp-content\/uploads\/2015\/03\/SliderOrangerie1-1024x1024.jpg 1024w, https:\/\/www.chateau-de-villesavin.fr\/wp-content\/uploads\/2015\/03\/SliderOrangerie1.jpg 1100w\" sizes=\"(max-width: 1100px) 100vw, 1100px\" \/><\/div><\/div><\/div><div class=\"swiper-slide\"><div class=\"fusion-carousel-item-wrapper\"><div class=\"fusion-image-wrapper hover-type-none\"><img decoding=\"async\" width=\"1100\" height=\"1100\" src=\"https:\/\/www.chateau-de-villesavin.fr\/wp-content\/uploads\/2015\/03\/SliderOrangerie2.jpg\" class=\"attachment-full size-full\" alt=\"\" srcset=\"https:\/\/www.chateau-de-villesavin.fr\/wp-content\/uploads\/2015\/03\/SliderOrangerie2-66x66.jpg 66w, https:\/\/www.chateau-de-villesavin.fr\/wp-content\/uploads\/2015\/03\/SliderOrangerie2-150x150.jpg 150w, https:\/\/www.chateau-de-villesavin.fr\/wp-content\/uploads\/2015\/03\/SliderOrangerie2-300x300.jpg 300w, https:\/\/www.chateau-de-villesavin.fr\/wp-content\/uploads\/2015\/03\/SliderOrangerie2-1024x1024.jpg 1024w, https:\/\/www.chateau-de-villesavin.fr\/wp-content\/uploads\/2015\/03\/SliderOrangerie2.jpg 1100w\" sizes=\"(max-width: 1100px) 100vw, 1100px\" \/><\/div><\/div><\/div><div class=\"swiper-slide\"><div class=\"fusion-carousel-item-wrapper\"><div class=\"fusion-image-wrapper hover-type-none\"><img decoding=\"async\" width=\"1100\" height=\"1100\" src=\"https:\/\/www.chateau-de-villesavin.fr\/wp-content\/uploads\/2015\/03\/SliderOrangerie3.jpg\" class=\"attachment-full size-full\" alt=\"\" srcset=\"https:\/\/www.chateau-de-villesavin.fr\/wp-content\/uploads\/2015\/03\/SliderOrangerie3-66x66.jpg 66w, https:\/\/www.chateau-de-villesavin.fr\/wp-content\/uploads\/2015\/03\/SliderOrangerie3-150x150.jpg 150w, https:\/\/www.chateau-de-villesavin.fr\/wp-content\/uploads\/2015\/03\/SliderOrangerie3-300x300.jpg 300w, https:\/\/www.chateau-de-villesavin.fr\/wp-content\/uploads\/2015\/03\/SliderOrangerie3-1024x1024.jpg 1024w, https:\/\/www.chateau-de-villesavin.fr\/wp-content\/uploads\/2015\/03\/SliderOrangerie3.jpg 1100w\" sizes=\"(max-width: 1100px) 100vw, 1100px\" \/><\/div><\/div><\/div><div class=\"swiper-slide\"><div class=\"fusion-carousel-item-wrapper\"><div class=\"fusion-image-wrapper hover-type-none\"><img decoding=\"async\" width=\"1100\" height=\"1100\" src=\"https:\/\/www.chateau-de-villesavin.fr\/wp-content\/uploads\/2015\/03\/SliderOrangerie4.jpg\" class=\"attachment-full size-full\" alt=\"\" srcset=\"https:\/\/www.chateau-de-villesavin.fr\/wp-content\/uploads\/2015\/03\/SliderOrangerie4-66x66.jpg 66w, https:\/\/www.chateau-de-villesavin.fr\/wp-content\/uploads\/2015\/03\/SliderOrangerie4-150x150.jpg 150w, https:\/\/www.chateau-de-villesavin.fr\/wp-content\/uploads\/2015\/03\/SliderOrangerie4-300x300.jpg 300w, https:\/\/www.chateau-de-villesavin.fr\/wp-content\/uploads\/2015\/03\/SliderOrangerie4-1024x1024.jpg 1024w, https:\/\/www.chateau-de-villesavin.fr\/wp-content\/uploads\/2015\/03\/SliderOrangerie4.jpg 1100w\" sizes=\"(max-width: 1100px) 100vw, 1100px\" \/><\/div><\/div><\/div><div class=\"swiper-slide\"><div class=\"fusion-carousel-item-wrapper\"><div class=\"fusion-image-wrapper hover-type-none\"><img decoding=\"async\" width=\"1100\" height=\"1100\" src=\"https:\/\/www.chateau-de-villesavin.fr\/wp-content\/uploads\/2015\/03\/SliderOrangerie5.jpg\" class=\"attachment-full size-full\" alt=\"\" srcset=\"https:\/\/www.chateau-de-villesavin.fr\/wp-content\/uploads\/2015\/03\/SliderOrangerie5-66x66.jpg 66w, https:\/\/www.chateau-de-villesavin.fr\/wp-content\/uploads\/2015\/03\/SliderOrangerie5-150x150.jpg 150w, https:\/\/www.chateau-de-villesavin.fr\/wp-content\/uploads\/2015\/03\/SliderOrangerie5-300x300.jpg 300w, https:\/\/www.chateau-de-villesavin.fr\/wp-content\/uploads\/2015\/03\/SliderOrangerie5-1024x1024.jpg 1024w, https:\/\/www.chateau-de-villesavin.fr\/wp-content\/uploads\/2015\/03\/SliderOrangerie5.jpg 1100w\" sizes=\"(max-width: 1100px) 100vw, 1100px\" \/><\/div><\/div><\/div><\/div><div class=\"awb-swiper-button awb-swiper-button-prev\"><i class=\"awb-icon-angle-left\" aria-hidden=\"true\"><\/i><\/div><div class=\"awb-swiper-button awb-swiper-button-next\"><i class=\"awb-icon-angle-right\" aria-hidden=\"true\"><\/i><\/div><\/div><\/div><\/div><\/div><div class=\"fusion-layout-column fusion_builder_column fusion-builder-column-2 fusion_builder_column_1_2 1_2 fusion-flex-column\" style=\"--awb-bg-size:cover;--awb-width-large:50%;--awb-margin-top-large:0px;--awb-spacing-right-large:3.84%;--awb-margin-bottom-large:20px;--awb-spacing-left-large:3.84%;--awb-width-medium:50%;--awb-spacing-right-medium:3.84%;--awb-spacing-left-medium:3.84%;--awb-width-small:100%;--awb-spacing-right-small:1.92%;--awb-spacing-left-small:1.92%;\"><div class=\"fusion-column-wrapper fusion-flex-justify-content-flex-start fusion-content-layout-column\"><\/div><\/div><div class=\"fusion-layout-column fusion_builder_column fusion-builder-column-3 fusion_builder_column_1_2 1_2 fusion-flex-column\" style=\"--awb-bg-size:cover;--awb-width-large:50%;--awb-margin-top-large:0px;--awb-spacing-right-large:3.84%;--awb-margin-bottom-large:20px;--awb-spacing-left-large:3.84%;--awb-width-medium:50%;--awb-spacing-right-medium:3.84%;--awb-spacing-left-medium:3.84%;--awb-width-small:100%;--awb-spacing-right-small:1.92%;--awb-spacing-left-small:1.92%;\"><div class=\"fusion-column-wrapper fusion-flex-justify-content-flex-start fusion-content-layout-column\"><div class=\"fusion-image-carousel fusion-image-carousel-fixed fusion-image-carousel-2\"><div class=\"awb-carousel awb-swiper awb-swiper-carousel awb-carousel--carousel awb-swiper-dots-position-bottom\" data-layout=\"carousel\" data-autoplay=\"no\" data-autoplayspeed=\"2500\" data-autoplaypause=\"no\" data-columns=\"5\" data-columnsmedium=\"1\" data-columnssmall=\"1\" data-itemmargin=\"13\" data-itemwidth=\"180\" data-touchscroll=\"no\" data-freemode=\"no\" data-imagesize=\"fixed\" data-scrollitems=\"0\" data-centeredslides=\"no\" data-rotationangle=\"50\" data-depth=\"100\" data-speed=\"500\" data-shadow=\"no\" data-pagination=\"bullets\"><div class=\"swiper-wrapper awb-image-carousel-wrapper fusion-flex-align-items-center\"><div class=\"swiper-slide\"><div class=\"fusion-carousel-item-wrapper\"><div class=\"fusion-image-wrapper hover-type-none\"><img decoding=\"async\" width=\"320\" height=\"202\" src=\"https:\/\/www.chateau-de-villesavin.fr\/wp-content\/uploads\/2015\/03\/pho1406014861164-52-320x202.jpg\" class=\"attachment-blog-medium size-blog-medium\" alt=\"\" \/><\/div><\/div><\/div><div class=\"swiper-slide\"><div class=\"fusion-carousel-item-wrapper\"><div class=\"fusion-image-wrapper hover-type-none\"><img decoding=\"async\" width=\"320\" height=\"202\" src=\"https:\/\/www.chateau-de-villesavin.fr\/wp-content\/uploads\/2015\/03\/img1406014859261-49-320x202.jpg\" class=\"attachment-blog-medium size-blog-medium\" alt=\"\" \/><\/div><\/div><\/div><div class=\"swiper-slide\"><div class=\"fusion-carousel-item-wrapper\"><div class=\"fusion-image-wrapper hover-type-none\"><img decoding=\"async\" width=\"320\" height=\"202\" src=\"https:\/\/www.chateau-de-villesavin.fr\/wp-content\/uploads\/2015\/03\/img1406014859856-50-320x202.jpg\" class=\"attachment-blog-medium size-blog-medium\" alt=\"\" \/><\/div><\/div><\/div><div class=\"swiper-slide\"><div class=\"fusion-carousel-item-wrapper\"><div class=\"fusion-image-wrapper hover-type-none\"><img decoding=\"async\" width=\"320\" height=\"202\" src=\"https:\/\/www.chateau-de-villesavin.fr\/wp-content\/uploads\/2015\/03\/ora1406014860514-51-320x202.jpg\" class=\"attachment-blog-medium size-blog-medium\" alt=\"\" \/><\/div><\/div><\/div><div class=\"swiper-slide\"><div class=\"fusion-carousel-item-wrapper\"><div class=\"fusion-image-wrapper hover-type-none\"><img decoding=\"async\" width=\"320\" height=\"202\" src=\"https:\/\/www.chateau-de-villesavin.fr\/wp-content\/uploads\/2015\/03\/sal1406014861781-53-320x202.jpg\" class=\"attachment-blog-medium size-blog-medium\" alt=\"\" \/><\/div><\/div><\/div><\/div><div class=\"awb-swiper-button awb-swiper-button-prev\"><i class=\"awb-icon-angle-left\" aria-hidden=\"true\"><\/i><\/div><div class=\"awb-swiper-button awb-swiper-button-next\"><i class=\"awb-icon-angle-right\" aria-hidden=\"true\"><\/i><\/div><\/div><\/div><\/div><\/div><\/div><\/div>\n","protected":false},"excerpt":{"rendered":"","protected":false},"author":1,"featured_media":0,"parent":0,"menu_order":0,"comment_status":"open","ping_status":"open","template":"","meta":{"footnotes":""},"class_list":["post-11167","page","type-page","status-publish","hentry"],"_links":{"self":[{"href":"https:\/\/www.chateau-de-villesavin.fr\/index.php?rest_route=\/wp\/v2\/pages\/11167","targetHints":{"allow":["GET"]}}],"collection":[{"href":"https:\/\/www.chateau-de-villesavin.fr\/index.php?rest_route=\/wp\/v2\/pages"}],"about":[{"href":"https:\/\/www.chateau-de-villesavin.fr\/index.php?rest_route=\/wp\/v2\/types\/page"}],"author":[{"embeddable":true,"href":"https:\/\/www.chateau-de-villesavin.fr\/index.php?rest_route=\/wp\/v2\/users\/1"}],"replies":[{"embeddable":true,"href":"https:\/\/www.chateau-de-villesavin.fr\/index.php?rest_route=%2Fwp%2Fv2%2Fcomments&post=11167"}],"version-history":[{"count":29,"href":"https:\/\/www.chateau-de-villesavin.fr\/index.php?rest_route=\/wp\/v2\/pages\/11167\/revisions"}],"predecessor-version":[{"id":11904,"href":"https:\/\/www.chateau-de-villesavin.fr\/index.php?rest_route=\/wp\/v2\/pages\/11167\/revisions\/11904"}],"wp:attachment":[{"href":"https:\/\/www.chateau-de-villesavin.fr\/index.php?rest_route=%2Fwp%2Fv2%2Fmedia&parent=11167"}],"curies":[{"name":"wp","href":"https:\/\/api.w.org\/{rel}","templated":true}]}}