{"id":11617,"date":"2019-07-07T08:43:55","date_gmt":"2019-07-07T08:43:55","guid":{"rendered":"http:\/\/www.chateau-de-villesavin.fr\/?page_id=11617"},"modified":"2020-11-07T13:03:16","modified_gmt":"2020-11-07T13:03:16","slug":"contributions-dartagnans","status":"publish","type":"page","link":"https:\/\/www.chateau-de-villesavin.fr\/?page_id=11617","title":{"rendered":"Contributions Dartagnans"},"content":{"rendered":"<p><div class=\"fusion-fullwidth fullwidth-box fusion-builder-row-1 fusion-flex-container nonhundred-percent-fullwidth non-hundred-percent-height-scrolling\" style=\"--awb-background-position:left top;--awb-border-color:#548235;--awb-border-radius-top-left:0px;--awb-border-radius-top-right:0px;--awb-border-radius-bottom-right:0px;--awb-border-radius-bottom-left:0px;--awb-padding-top:45px;--awb-padding-right:0px;--awb-padding-bottom:0px;--awb-padding-left:0px;--awb-background-color:#c5e0b4;--awb-border-sizes-top:1px;--awb-border-sizes-bottom:1px;--awb-flex-wrap:wrap;\" ><div class=\"fusion-builder-row fusion-row fusion-flex-align-items-flex-start fusion-flex-content-wrap\" style=\"max-width:1144px;margin-left: calc(-4% \/ 2 );margin-right: calc(-4% \/ 2 );\"><div class=\"fusion-layout-column fusion_builder_column fusion-builder-column-0 fusion_builder_column_1_6 1_6 fusion-flex-column\" style=\"--awb-bg-size:cover;--awb-width-large:16.666666666667%;--awb-margin-top-large:0px;--awb-spacing-right-large:11.52%;--awb-margin-bottom-large:20px;--awb-spacing-left-large:11.52%;--awb-width-medium:16.666666666667%;--awb-spacing-right-medium:11.52%;--awb-spacing-left-medium:11.52%;--awb-width-small:100%;--awb-spacing-right-small:1.92%;--awb-spacing-left-small:1.92%;\"><div class=\"fusion-column-wrapper fusion-flex-justify-content-flex-start fusion-content-layout-column\"><\/div><\/div><div class=\"fusion-layout-column fusion_builder_column fusion-builder-column-1 fusion_builder_column_2_3 2_3 fusion-flex-column\" style=\"--awb-bg-size:cover;--awb-width-large:66.666666666667%;--awb-margin-top-large:0px;--awb-spacing-right-large:2.88%;--awb-margin-bottom-large:20px;--awb-spacing-left-large:2.88%;--awb-width-medium:66.666666666667%;--awb-spacing-right-medium:2.88%;--awb-spacing-left-medium:2.88%;--awb-width-small:100%;--awb-spacing-right-small:1.92%;--awb-spacing-left-small:1.92%;\"><div class=\"fusion-column-wrapper fusion-flex-justify-content-flex-start fusion-content-layout-column\"><div class=\"fusion-text fusion-text-1\"><h2><em>Gr\u00e2ce \u00e0 vous, contributeurs, le colombier a pu \u00eatre restaur\u00e9. A l\u2019occasion d\u2019un passage en Sologne, venez le d\u00e9couvrir et profiter de ce bel endroit qu\u2019est le ch\u00e2teau de Villesavin.<\/em><\/h2>\n<\/div><\/div><\/div><div class=\"fusion-layout-column fusion_builder_column fusion-builder-column-2 fusion_builder_column_1_6 1_6 fusion-flex-column\" style=\"--awb-bg-size:cover;--awb-width-large:16.666666666667%;--awb-margin-top-large:0px;--awb-spacing-right-large:11.52%;--awb-margin-bottom-large:20px;--awb-spacing-left-large:11.52%;--awb-width-medium:16.666666666667%;--awb-spacing-right-medium:11.52%;--awb-spacing-left-medium:11.52%;--awb-width-small:100%;--awb-spacing-right-small:1.92%;--awb-spacing-left-small:1.92%;\"><div class=\"fusion-column-wrapper fusion-flex-justify-content-flex-start fusion-content-layout-column\"><\/div><\/div><\/div><\/div><div class=\"fusion-fullwidth fullwidth-box fusion-builder-row-2 fusion-flex-container nonhundred-percent-fullwidth non-hundred-percent-height-scrolling\" style=\"--awb-background-position:left top;--awb-border-radius-top-left:0px;--awb-border-radius-top-right:0px;--awb-border-radius-bottom-right:0px;--awb-border-radius-bottom-left:0px;--awb-padding-top:20px;--awb-padding-right:0px;--awb-padding-bottom:20px;--awb-padding-left:0px;--awb-border-sizes-top:0px;--awb-border-sizes-bottom:0px;--awb-flex-wrap:wrap;\" ><div class=\"fusion-builder-row fusion-row fusion-flex-align-items-flex-start fusion-flex-content-wrap\" style=\"max-width:calc( 1100px + 0px );margin-left: calc(-0px \/ 2 );margin-right: calc(-0px \/ 2 );\"><div class=\"fusion-layout-column fusion_builder_column fusion-builder-column-3 fusion_builder_column_1_1 1_1 fusion-flex-column fusion-flex-align-self-flex-start fusion-column-no-min-height\" style=\"--awb-bg-size:cover;--awb-width-large:100%;--awb-margin-top-large:0px;--awb-spacing-right-large:0px;--awb-margin-bottom-large:0px;--awb-spacing-left-large:0px;--awb-width-medium:100%;--awb-spacing-right-medium:0px;--awb-spacing-left-medium:0px;--awb-width-small:100%;--awb-spacing-right-small:0px;--awb-spacing-left-small:0px;\"><div class=\"fusion-column-wrapper fusion-flex-justify-content-flex-start fusion-content-layout-column\"><div class=\"fusion-separator fusion-full-width-sep\" style=\"align-self: center;margin-left: auto;margin-right: auto;width:100%;\"><\/div><\/div><\/div><\/div><\/div><div class=\"fusion-fullwidth fullwidth-box fusion-builder-row-3 fusion-flex-container hundred-percent-fullwidth non-hundred-percent-height-scrolling\" style=\"--awb-border-radius-top-left:0px;--awb-border-radius-top-right:0px;--awb-border-radius-bottom-right:0px;--awb-border-radius-bottom-left:0px;--awb-overflow:visible;--awb-flex-wrap:wrap;\" ><div class=\"fusion-builder-row fusion-row fusion-flex-align-items-flex-start fusion-flex-content-wrap\" style=\"width:104% !important;max-width:104% !important;margin-left: calc(-4% \/ 2 );margin-right: calc(-4% \/ 2 );\"><div class=\"fusion-layout-column fusion_builder_column fusion-builder-column-4 fusion_builder_column_1_3 1_3 fusion-flex-column\" style=\"--awb-bg-size:cover;--awb-width-large:33.333333333333%;--awb-margin-top-large:0px;--awb-spacing-right-large:3.8399999999999%;--awb-margin-bottom-large:20px;--awb-spacing-left-large:5.76%;--awb-width-medium:33.333333333333%;--awb-spacing-right-medium:3.8399999999999%;--awb-spacing-left-medium:5.76%;--awb-width-small:100%;--awb-spacing-right-small:1.92%;--awb-spacing-left-small:1.92%;\"><div class=\"fusion-column-wrapper fusion-flex-justify-content-flex-start fusion-content-layout-column\"><div class=\"fusion-text fusion-text-2\"><ul>\n<li>\n<h3>Jean-Luc DEBAETS<\/h3>\n<\/li>\n<li>\n<h3>Fran\u00e7ois DUMAS<\/h3>\n<\/li>\n<li>\n<h3>Michel ROLLIN<\/h3>\n<\/li>\n<li>\n<h3>Michel PATOU<\/h3>\n<\/li>\n<li>\n<h3>Jacques HORNUS<\/h3>\n<\/li>\n<li>\n<h3>Jean-Fran\u00e7ois DUBOIS<\/h3>\n<\/li>\n<li>\n<h3>Patrice HAQUETTE<\/h3>\n<\/li>\n<li>\n<h3>Jean-Michel LEFEVRE<\/h3>\n<\/li>\n<li>\n<h3>Jo\u00eblle HEUBERGER<\/h3>\n<\/li>\n<li>\n<h3>Victor BOYER<\/h3>\n<\/li>\n<li>\n<h3>Kristina FERET<\/h3>\n<\/li>\n<li>\n<h3>St\u00e9phanie CLET<\/h3>\n<\/li>\n<li>\n<h3>Herv\u00e9 NAUDIN<\/h3>\n<\/li>\n<li>\n<h3>Ang\u00e9lique DENEL<\/h3>\n<\/li>\n<li>\n<h3>Christian THIETRY<\/h3>\n<\/li>\n<li>\n<h3>Laurence SAURET<\/h3>\n<\/li>\n<li>\n<h3>Fran\u00e7ois MAUBERT<\/h3>\n<\/li>\n<li>\n<h3>Christiane LIGONNIERE<\/h3>\n<\/li>\n<li>\n<h3>Philippe BARBOSA<\/h3>\n<\/li>\n<li>\n<h3>Armelle AUBRY<\/h3>\n<\/li>\n<li>\n<h3>Eric LAMARQUE<\/h3>\n<\/li>\n<li>\n<h3>Jean-Luc DESON<\/h3>\n<\/li>\n<li>\n<h3>Olivier MESSY<\/h3>\n<\/li>\n<li>\n<h3>Patricia ALLOUIN-RATTON<\/h3>\n<\/li>\n<li>\n<h3>Brice MOULINIER<\/h3>\n<\/li>\n<li>\n<h3>Jocelyne CRECHE<\/h3>\n<\/li>\n<li>\n<h3>Jean-Pierre GUILBERT<\/h3>\n<\/li>\n<li>\n<h3>Jean-Pierre LANCELEUR<\/h3>\n<\/li>\n<li>\n<h3>Thierry AUTRET<\/h3>\n<\/li>\n<li>\n<h3>Christian PIERRE<\/h3>\n<\/li>\n<li>\n<h3>Alain CRAS<\/h3>\n<\/li>\n<li>\n<h3>Vincent LIDSKY<\/h3>\n<\/li>\n<li>\n<h3>Pascal PONCELET (x 2)<\/h3>\n<\/li>\n<li>\n<h3>Th\u00e9r\u00e8se DAZIN<\/h3>\n<\/li>\n<li>\n<h3>Julie BERNARD<\/h3>\n<\/li>\n<li>\n<h3>Dominique GATAULT<\/h3>\n<\/li>\n<li>\n<h3>Sylviane WALTER-VIDEAU<\/h3>\n<\/li>\n<li>\n<h3>Gilles CLEMENT<\/h3>\n<\/li>\n<li>\n<h3>Guillaume PARPAN<\/h3>\n<\/li>\n<li>\n<h3>Yann BLANCARD<\/h3>\n<\/li>\n<li>\n<h3>Jean-Claude NOUVELET<\/h3>\n<\/li>\n<li>\n<h3>Claire STRUYVE DECOTIGNIE<\/h3>\n<\/li>\n<li>\n<h3>Claude DURAND<\/h3>\n<\/li>\n<li>\n<h3>Claire SCHWARTZ<\/h3>\n<\/li>\n<li>\n<h3>Th\u00e9r\u00e8se Anne GERVAIS<\/h3>\n<\/li>\n<li>\n<h3>Fran\u00e7oise MALVAUD<\/h3>\n<\/li>\n<li>\n<h3>Alain BOUFFET<\/h3>\n<\/li>\n<li>\n<h3>Jean-Marie DUBOIS<\/h3>\n<\/li>\n<li>\n<h3>Audrey CUNY<\/h3>\n<\/li>\n<li>\n<h3>Patrick LECONTE<\/h3>\n<\/li>\n<li>\n<h3>J\u00e9r\u00f4me CHARPENTIER<\/h3>\n<\/li>\n<li>\n<h3>Olivier JENGER-DUFAY<\/h3>\n<\/li>\n<li>\n<h3>SEE Philippe JANVIER<\/h3>\n<\/li>\n<\/ul>\n<\/div><\/div><\/div><div class=\"fusion-layout-column fusion_builder_column fusion-builder-column-5 fusion_builder_column_2_3 2_3 fusion-flex-column\" style=\"--awb-bg-size:cover;--awb-border-color:#ffffff;--awb-border-top:0px;--awb-border-right:0px;--awb-border-bottom:0px;--awb-border-left:0px;--awb-border-style:solid;--awb-width-large:66.666666666667%;--awb-margin-top-large:0px;--awb-spacing-right-large:2.88%;--awb-margin-bottom-large:20px;--awb-spacing-left-large:3.84%;--awb-width-medium:66.666666666667%;--awb-spacing-right-medium:2.88%;--awb-spacing-left-medium:3.84%;--awb-width-small:100%;--awb-spacing-right-small:1.92%;--awb-spacing-left-small:1.92%;\"><div class=\"fusion-column-wrapper fusion-flex-justify-content-flex-start fusion-content-layout-column\"><div class=\"fusion-image-element \" style=\"text-align:center;--awb-caption-title-font-family:var(--h2_typography-font-family);--awb-caption-title-font-weight:var(--h2_typography-font-weight);--awb-caption-title-font-style:var(--h2_typography-font-style);--awb-caption-title-size:var(--h2_typography-font-size);--awb-caption-title-transform:var(--h2_typography-text-transform);--awb-caption-title-line-height:var(--h2_typography-line-height);--awb-caption-title-letter-spacing:var(--h2_typography-letter-spacing);\"><span class=\" fusion-imageframe imageframe-none imageframe-1 hover-type-none\" style=\"border:5px solid #548235;\"><img decoding=\"async\" width=\"1024\" height=\"683\" title=\"colombier_avant_apr\u00e8s\" src=\"https:\/\/www.chateau-de-villesavin.fr\/wp-content\/uploads\/2019\/07\/colombier_avant_apr\u00e8s-1024x683.jpg\" alt class=\"img-responsive wp-image-11642\" srcset=\"https:\/\/www.chateau-de-villesavin.fr\/wp-content\/uploads\/2019\/07\/colombier_avant_apr\u00e8s-300x200.jpg 300w, https:\/\/www.chateau-de-villesavin.fr\/wp-content\/uploads\/2019\/07\/colombier_avant_apr\u00e8s-768x512.jpg 768w, https:\/\/www.chateau-de-villesavin.fr\/wp-content\/uploads\/2019\/07\/colombier_avant_apr\u00e8s-1024x683.jpg 1024w\" sizes=\"(max-width: 1024px) 100vw, 1024px\" \/><\/span><\/div><\/div><\/div><\/div><\/div><\/p>\n","protected":false},"excerpt":{"rendered":"","protected":false},"author":1,"featured_media":0,"parent":0,"menu_order":0,"comment_status":"closed","ping_status":"closed","template":"","meta":{"footnotes":""},"class_list":["post-11617","page","type-page","status-publish","hentry"],"_links":{"self":[{"href":"https:\/\/www.chateau-de-villesavin.fr\/index.php?rest_route=\/wp\/v2\/pages\/11617","targetHints":{"allow":["GET"]}}],"collection":[{"href":"https:\/\/www.chateau-de-villesavin.fr\/index.php?rest_route=\/wp\/v2\/pages"}],"about":[{"href":"https:\/\/www.chateau-de-villesavin.fr\/index.php?rest_route=\/wp\/v2\/types\/page"}],"author":[{"embeddable":true,"href":"https:\/\/www.chateau-de-villesavin.fr\/index.php?rest_route=\/wp\/v2\/users\/1"}],"replies":[{"embeddable":true,"href":"https:\/\/www.chateau-de-villesavin.fr\/index.php?rest_route=%2Fwp%2Fv2%2Fcomments&post=11617"}],"version-history":[{"count":48,"href":"https:\/\/www.chateau-de-villesavin.fr\/index.php?rest_route=\/wp\/v2\/pages\/11617\/revisions"}],"predecessor-version":[{"id":11710,"href":"https:\/\/www.chateau-de-villesavin.fr\/index.php?rest_route=\/wp\/v2\/pages\/11617\/revisions\/11710"}],"wp:attachment":[{"href":"https:\/\/www.chateau-de-villesavin.fr\/index.php?rest_route=%2Fwp%2Fv2%2Fmedia&parent=11617"}],"curies":[{"name":"wp","href":"https:\/\/api.w.org\/{rel}","templated":true}]}}